 29438112.
457
Calculate the greatest common factor of 1778 and 1576834.
14
Calculate the greatest common factor of 1006450 and 420.
10
Calculate the highest common divisor of 1802 and 17560596.
106
What is the greatest common factor of 900921 and 119?
7
What is the greatest common factor of 303180 and 2799525?
2445
What is the greatest common divisor of 46209082 and 2206?
2206
Calculate the greatest common divisor of 2330 and 1478370.
10
What is the highest common divisor of 4972249 and 2117?
73
What is the greatest common factor of 189950 and 30460382?
7598
Calculate the greatest common divisor of 244392 and 3520323.
1797
What is the highest common divisor of 186054653 and 124?
31
Calculate the greatest common factor of 216298 and 2764966.
2606
Calculate the highest common factor of 21745040 and 90.
10
Calculate the highest common factor of 274 and 25885602.
274
Calculate the highest common divisor of 4441005 and 180.
45
What is the highest common divisor of 49500 and 45067500?
4500
Calculate the highest common divisor of 16452 and 153525951.
4113
Calculate the greatest common factor of 20083 and 756.
7
What is the greatest common divisor of 21712 and 28263504?
368
Calculate the greatest common divisor of 7312 and 3734604.
1828
What is the highest common factor of 1376110 and 2386780?
5710
What is the greatest common divisor of 28912245 and 90?
15
What is the greatest common divisor of 25531 and 5353281?
211
What is the highest common divisor of 28016449 and 52247?
4019
Calculate the greatest common divisor of 1845144 and 7020.
36
Calculate the greatest common factor of 1102 and 5189869.
551
What is the highest common divisor of 71025839 and 498?
83
Calculate the highest common divisor of 12 and 416018952.
12
What is the highest common divisor of 5600 and 5725?
25
Calculate the highest common divisor of 5536 and 1086581168.
2768
What is the highest common divisor of 4737924 and 888?
444
What is the greatest common divisor of 360426 and 87615?
33
What is the highest common divisor of 12879 and 2462373?
27
What is the greatest common divisor of 10906 and 1391089?
287
What is the greatest common divisor of 169 and 194779?
13
Calculate the greatest common factor of 513788 and 12991.
11
What is the highest common factor of 99 and 3038948?
11
Calculate the greatest common factor of 1190 and 6468126.
238
Calculate the greatest common divisor of 11690 and 1400.
70
What is the highest common factor of 210778224 and 156?
12
What is the highest common divisor of 459165 and 3045?
105
What is the highest common divisor of 26156724 and 44?
44
What is the highest common factor of 539 and 5771381?
77
What is the highest common factor of 130 and 7101445?
65
Calculate the greatest common divisor of 148624 and 5264.
112
What is the greatest common factor of 168 and 7523628?
84
What is the highest common divisor of 4408 and 63191?
29
What is the highest common factor of 13112645 and 33810?
5635
Calculate the greatest common factor of 3355824 and 96036.
1812
Calculate the highest common divisor of 204433 and 107512.
89
Calculate the highest common divisor of 25156068 and 12.
12
Calculate the greatest common factor of 65 and 40263990.
65
Calculate the greatest common divisor of 46920 and 6095.
115
What is the highest common factor of 14 and 54219312?
14
Calculate the highest common factor of 28140 and 3083675.
2345
What is the greatest common divisor of 70776 and 1144?
8
Calculate the highest common factor of 88595 and 28811.
47
What is the highest common divisor of 5157 and 476037?
27
Calculate the highest common divisor of 1051 and 11294046.
1051
Calculate the greatest common divisor of 20944 and 65688392.
616
Calculate the highest common factor of 6944773 and 12912.
269
Calculate the greatest common factor of 24 and 155296200.
24
Calculate the highest common divisor of 628443195 and 29.
29
Calculate the highest common divisor of 10240867 and 1995.
133
What is the highest common factor of 27188518 and 56?
14
What is the highest common divisor of 973 and 34887888?
973
What is the highest common divisor of 14517 and 331300522?
1613
What is the highest common factor of 35584 and 141641?
139
What is the highest common factor of 75 and 8738400?
75
What is the greatest common divisor of 192458 and 8614?
118
Calculate the highest common divisor of 2398 and 397720072.
218
What is the greatest common factor of 452 and 7299461?
113
What is the highest common divisor of 3538634 and 3824?
478
What is the highest common factor of 18831774 and 582?
582
Calculate the greatest common factor of 624 and 30143451.
39
Calculate the highest common divisor of 624 and 6279000.
312
Calculate the greatest common divisor of 516606190 and 2.
2
Calculate the highest common divisor of 1909432 and 532.
28
Calculate the highest common factor of 695950 and 6262.
62
What is the highest common divisor of 54272 and 11695192?
424
What is the greatest common divisor of 1805 and 771685?
95
What is the greatest common factor of 70246816 and 16?
16
What is the greatest common divisor of 150 and 7015212?
6
What is the highest common divisor of 945 and 14059885?
35
What is the greatest common divisor of 84587 and 177262?
337
What is the greatest common divisor of 81 and 1967211?
9
Calculate the highest common factor of 63086 and 284.
2
Calculate the greatest common divisor of 461 and 81195.
1
Calculate the highest common divisor of 52227383 and 51.
17
What is the greatest common factor of 131643329 and 5704?
713
What is the highest common divisor of 58740 and 223479?
267
What is the highest common divisor of 3808662 and 2622?
138
What is the highest common factor of 10727 and 85?
17
Calculate the highest common divisor of 256 and 6526336.
128
What is the highest common factor of 136281208 and 406?
406
Calculate the highest common divisor of 739535024 and 304.
304
What is the highest common divisor of 10107447 and 210?
21
What is the highest common divisor of 756 and 107054451?
63
What is the highest common factor of 314720 and 67312?
112
What is the highest common factor of 64685 and 89375645?
3805
What is the greatest common divisor of 749280 and 21185?
1115
What is the highest common divisor of 1850470 and 1688?
422
Calculate the greatest common factor of 6639 and 28231241.
2213
Calculate the greatest common divisor of 278 and 4211561.
139
What is the highest common divisor of 1347268 and 1508?
52
Calculate the greatest common divisor of 4068 and 1695852.
36
What is the highest common divisor of 30044 and 1911420?
1036
What is the greatest common factor of 378 and 1421712?
54
Calculate the greatest common divisor of 183372425 and 1075.
1075
Calculate the highest common factor of 261 and 96219.
9
What is the highest common divisor of 16297 and 11153591?
379
Calculate the highest common factor of 26315360 and 320.
160
What is the highest common factor of 45880 and 5805680?
1240
Calculate the highest common factor of 9503208 and 4818.
66
What is the highest common divisor of 1392 and 6731538?
174
What is the highest common divisor of 390 and 12835030?
130
What is the greatest common factor of 16842469 and 49?
7
Calculate the highest common divisor of 128424 and 1208.
8
Calculate the highest common factor of 1078 and 158598.
22
What is the highest common factor of 686 and 214541698?
686
What is the greatest common divisor of 145658 and 19566?
2174
Calculate the greatest common divisor of 318367362 and 1774.
1774
Calculate the highest common factor of 104347415 and 7078.
3539
Calculate the highest common divisor of 9 and 12915291.
3
What is the greatest common divisor of 4102 and 9687752?
586
What is the highest common factor of 11 and 49310173?
11
Calculate the greatest common divisor of 847216 and 3632.
16
What is the highest common divisor of 312463 and 1592293?
1153
What is the greatest common divisor of 322 and 2245642?
14
What is the greatest common divisor of 427501 and 1656?
23
Calculate the greatest common divisor of 1228590467 and 346.
173
Calculate the highest common factor of 19972316 and 572.
52
What is the greatest common divisor of 225957 and 20928?
327
Calculate the greatest common factor of 213 and 137969259.
213
What is the highest common factor of 43472178 and 288874?
6718
What is 